ainder when 102958720 is divided by 34319573.
1
What is the remainder when 55640 is divided by 2471?
1278
What is the remainder when 28625 is divided by 1372?
1185
Calculate the remainder when 106065 is divided by 2490.
1485
Calculate the remainder when 669180 is divided by 262.
32
What is the remainder when 562159 is divided by 4872?
1879
Calculate the remainder when 184945941 is divided by 247.
245
What is the remainder when 48272417 is divided by 1150?
17
Calculate the remainder when 7143196 is divided by 20.
16
Calculate the remainder when 56303 is divided by 313.
276
Calculate the remainder when 226374 is divided by 56588.
22
What is the remainder when 250718 is divided by 2884?
2694
Calculate the remainder when 324259 is divided by 40513.
155
What is the remainder when 3426976 is divided by 758?
58
Calculate the remainder when 103973 is divided by 32535.
6368
What is the remainder when 5002861 is divided by 2117?
390
What is the remainder when 1818876 is divided by 72751?
101
What is the remainder when 67961142 is divided by 113?
4
What is the remainder when 11684598 is divided by 64?
54
What is the remainder when 12610533 is divided by 6095?
6073
Calculate the remainder when 464355 is divided by 154759.
78
What is the remainder when 1127 is divided by 139?
15
What is the remainder when 31396 is divided by 3449?
355
Calculate the remainder when 66717472 is divided by 3511445.
17
What is the remainder when 143067 is divided by 1079?
639
What is the remainder when 1847766 is divided by 719?
655
Calculate the remainder when 5240241 is divided by 14.
13
What is the remainder when 1941394 is divided by 1637?
1549
What is the remainder when 4855872 is divided by 441441?
21
What is the remainder when 1817430 is divided by 786?
198
What is the remainder when 2367740 is divided by 96?
92
What is the remainder when 66335 is divided by 3991?
2479
What is the remainder when 231065048 is divided by 240?
8
What is the remainder when 45149425 is divided by 106?
103
Calculate the remainder when 899257 is divided by 7024.
185
Calculate the remainder when 134201 is divided by 6083.
375
What is the remainder when 2298274 is divided by 458?
30
What is the remainder when 10689554 is divided by 369?
362
Calculate the remainder when 150437 is divided by 42.
35
What is the remainder when 82110913 is divided by 405?
403
What is the remainder when 5402061 is divided by 32153?
357
Calculate the remainder when 3660723 is divided by 4198.
67
What is the remainder when 8425964 is divided by 2941?
2940
What is the remainder when 46911344 is divided by 53?
37
What is the remainder when 3404145 is divided by 25404?
9
What is the remainder when 332419 is divided by 3613?
23
What is the remainder when 7053288 is divided by 47?
45
What is the remainder when 267938279 is divided by 1080?
1079
What is the remainder when 20979 is divided by 389?
362
What is the remainder when 580784 is divided by 27650?
134
Calculate the remainder when 836813 is divided by 498.
173
What is the remainder when 108678976 is divided by 997?
991
Calculate the remainder when 247575640 is divided by 4.
0
What is the remainder when 2199980 is divided by 244432?
92
What is the remainder when 53516398 is divided by 127?
122
Calculate the remainder when 5942995 is divided by 62.
47
Calculate the remainder when 908933 is divided by 6733.
6711
Calculate the remainder when 379298 is divided by 1986.
1958
What is the remainder when 691749 is divided by 66?
3
Calculate the remainder when 668497 is divided by 111415.
7
What is the remainder when 1547001 is divided by 1546990?
11
Calculate the remainder when 50821 is divided by 1593.
1438
What is the remainder when 195699 is divided by 515?
514
Calculate the remainder when 5939052 is divided by 219.
210
Calculate the remainder when 10866 is divided by 3603.
57
Calculate the remainder when 1679005 is divided by 29.
21
Calculate the remainder when 10344135 is divided by 14.
11
What is the remainder when 6110166 is divided by 21979?
4
Calculate the remainder when 80146 is divided by 3173.
821
What is the remainder when 41634074 is divided by 26?
14
What is the remainder when 623550 is divided by 19451?
1118
What is the remainder when 40889 is divided by 555?
374
What is the remainder when 330285 is divided by 82124?
1789
What is the remainder when 102518649 is divided by 7922?
47
What is the remainder when 7595276 is divided by 548?
544
What is the remainder when 249106532 is divided by 13?
12
What is the remainder when 659162 is divided by 26?
10
What is the remainder when 40965292 is divided by 6827544?
28
What is the remainder when 12671901 is divided by 598?
281
What is the remainder when 817945 is divided by 817146?
799
What is the remainder when 66611 is divided by 16325?
1311
What is the remainder when 67015 is divided by 374?
69
Calculate the remainder when 6574878 is divided by 39847.
123
Calculate the remainder when 3254051 is divided by 41.
4
What is the remainder when 417813 is divided by 137?
100
What is the remainder when 332154 is divided by 110668?
150
Calculate the remainder when 24362 is divided by 12017.
328
What is the remainder when 77750625 is divided by 389?
28
What is the remainder when 167430 is divided by 1562?
296
What is the remainder when 31933 is divided by 206?
3
Calculate the remainder when 191889 is divided by 292.
45
Calculate the remainder when 148342662 is divided by 161.
160
What is the remainder when 1232428 is divided by 136?
132
Calculate the remainder when 265454 is divided by 20418.
20
What is the remainder when 2370104 is divided by 25761?
92
Calculate the remainder when 38437327 is divided by 13.
6
Calculate the remainder when 909433 is divided by 417.
373
What is the remainder when 14730 is divided by 2063?
289
What is the remainder when 281195 is divided by 67?
63
What is the remainder when 47305 is divided by 2931?
409
What is the remainder when 25623969 is divided by 8?
1
What is the remainder when 13563723 is divided by 55589?
7
What is the remainder when 912911228 is divided by 4246?
4244
What is the remainder when 65935998 is divided by 2000?
1998
Calculate the remainder when 125446 is divided by 17898.
160
What is the remainder when 3180647 is divided by 1066?
769
Calculate the remainder when 687882 is divided by 1971.
3
What is the remainder when 3421472 is divided by 1954?
18
Calculate the remainder when 299799 is divided by 10331.
200
Calculate the remainder when 79270378 is divided by 378.
376
Calculate the remainder when 3982214 is divided by 59436.
2
What is the remainder when 153021999 is divided by 24?
15
What is the remainder when 2469575 is divided by 246950?
75
What is the remainder when 987804 is divided by 3?
0
What is the remainder when 2406449 is divided by 601595?
69
Calculate the remainder when 1346027 is divided by 1346021.
6
What is the remainder when 124708 is divided by 238?
234
What is the remainder when 144933 is divided by 47586?
2175
What is the remainder when 62691 is divided by 12534?
21
Calculate the remainder when 16475071 is divided by 3294921.
466
What is the remainder when 8194686 is divided by 146?
144
Calculate the remainder when 220778209 is divided by 971.
968
What is the remainder when 724277 is divided by 18571?
8
Calculate the remainder when 140893 is divided by 14.
11
Calculate the remainder when 1747210 is divided by 30.
10
What is the remainder when 13327607 is divided by 2665513?
42
What is the remainder when 1606729 is divided by 73?
72
What is the remainder when 27977 is divided by 886?
511
What is the remainder when 5050277 is divided by 37?
36
What is the remainder when 895185 is divided by 58?
13
What is the remainder when 1158156826 is divided by 36?
34
What is the remainder when 332711976 is divided by 175481?
0
What is the remainder when 26973 is divided by 26456?
517
What is the remainder when 33102 is divided by 32019?
1083
What is the remainder when 606897 is divided by 606725?
172
What is the remainder when 48685 is divided by 7659?
2731
What is the remainder when 14400887 is divided by 9?
5
What is the remainder when 6596 is divided by 1208?
556
Calculate the remainder when 1096012 is divided by 857.
766
Calculate the remainder when 173314 is divided b